{"id":64,"date":"2026-01-16T23:03:12","date_gmt":"2026-01-17T02:03:12","guid":{"rendered":"https:\/\/sa\u00fade360foco.com\/?page_id=64"},"modified":"2026-02-04T02:39:44","modified_gmt":"2026-02-04T05:39:44","slug":"liberte-se-da-ansiedade","status":"publish","type":"page","link":"https:\/\/sa\u00fade360foco.com\/","title":{"rendered":"Apreendendo lidar com a ansiedade"},"content":{"rendered":"\t\t<div data-elementor-type=\"wp-page\" data-elementor-id=\"64\" class=\"elementor elementor-64\">\n\t\t\t\t<div class=\"elementor-element elementor-element-eb3fb16 e-flex e-con-boxed e-con e-parent\" data-id=\"eb3fb16\" data-element_type=\"container\" data-e-type=\"container\">\n\t\t\t\t\t<div class=\"e-con-inner\">\n\t\t\t\t<div class=\"elementor-element elementor-element-7b41edf elementor-button-info elementor-widget elementor-widget-button\" data-id=\"7b41edf\" data-element_type=\"widget\" data-e-type=\"widget\" data-widget_type=\"button.default\">\n\t\t\t\t\t\t\t\t\t\t<a class=\"elementor-button elementor-button-link elementor-size-sm\" href=\"https:\/\/go.hotmart.com\/I103753750R\" target=\"_blank\">\n\t\t\t\t\t\t<span class=\"elementor-button-content-wrapper\">\n\t\t\t\t\t\t\t\t\t<span class=\"elementor-button-text\"> Conhecer o m\u00e9todo<\/span>\n\t\t\t\t\t<\/span>\n\t\t\t\t\t<\/a>\n\t\t\t\t\t\t\t\t<\/div>\n\t\t\t\t<div class=\"elementor-element elementor-element-97948ea elementor-widget elementor-widget-html\" data-id=\"97948ea\" data-element_type=\"widget\" data-e-type=\"widget\" data-widget_type=\"html.default\">\n\t\t\t\t\t<!-- Event snippet for Compra conversion page\r\nIn your html page, add the snippet and call gtag_report_conversion when someone clicks on the chosen link or button. -->\r\n<script>\r\nfunction gtag_report_conversion(url) {\r\n  var callback = function () {\r\n    if (typeof(url) != 'undefined') {\r\n      window.location = url;\r\n    }\r\n  };\r\n  gtag('event', 'conversion', {\r\n      'send_to': 'AW-17861473291\/w-s-COmOsOkbEIvogcVC',\r\n      'value': 1.0,\r\n      'currency': 'BRL',\r\n      'transaction_id': '',\r\n      'event_callback': callback\r\n  });\r\n  return false;\r\n}\r\n<\/script>\r\n\t\t\t\t<\/div>\n\t\t\t\t<div class=\"elementor-element elementor-element-9b1da72 elementor-widget elementor-widget-text-editor\" data-id=\"9b1da72\" data-element_type=\"widget\" data-e-type=\"widget\" data-widget_type=\"text-editor.default\">\n\t\t\t\t\t\t\t\t\t<p>\u221aCompra segura pela Hotmart<\/p>\t\t\t\t\t\t\t\t<\/div>\n\t\t\t\t\t<\/div>\n\t\t\t\t<\/div>\n\t\t<div class=\"elementor-element elementor-element-7f4c08f e-flex e-con-boxed e-con e-parent\" data-id=\"7f4c08f\" data-element_type=\"container\" data-e-type=\"container\">\n\t\t\t\t\t<div class=\"e-con-inner\">\n\t\t\t\t<div class=\"elementor-element elementor-element-22e38aa elementor-widget elementor-widget-text-editor\" data-id=\"22e38aa\" data-element_type=\"widget\" data-e-type=\"widget\" data-widget_type=\"text-editor.default\">\n\t\t\t\t\t\t\t\t\t<p>Conte\u00fado com finalidade educativa .N\u00e3o substitui acompanhamento profissional.<\/p>\t\t\t\t\t\t\t\t<\/div>\n\t\t\t\t\t<\/div>\n\t\t\t\t<\/div>\n\t\t<div class=\"elementor-element elementor-element-7705161 e-flex e-con-boxed e-con e-parent\" data-id=\"7705161\" data-element_type=\"container\" data-e-type=\"container\">\n\t\t\t\t\t<div class=\"e-con-inner\">\n\t\t\t\t<div class=\"elementor-element elementor-element-c7f198d elementor-widget elementor-widget-text-editor\" data-id=\"c7f198d\" data-element_type=\"widget\" data-e-type=\"widget\" data-widget_type=\"text-editor.default\">\n\t\t\t\t\t\t\t\t\t<p><a href=\"https:\/\/sa\u00fade360foco.com\/?page_id=71\" data-wplink-edit=\"true\">Pol\u00edtica de privacidade<\/a><\/p>\t\t\t\t\t\t\t\t<\/div>\n\t\t\t\t\t<\/div>\n\t\t\t\t<\/div>\n\t\t\t\t<\/div>\n\t\t","protected":false},"excerpt":{"rendered":"<p>Conhecer o m\u00e9todo \u221aCompra segura pela Hotmart Conte\u00fado com finalidade educativa .N\u00e3o substitui acompanhamento profissional. Pol\u00edtica de privacidade<\/p>\n","protected":false},"author":1,"featured_media":0,"parent":0,"menu_order":0,"comment_status":"closed","ping_status":"closed","template":"","meta":{"footnotes":""},"class_list":["post-64","page","type-page","status-publish","hentry"],"_links":{"self":[{"href":"https:\/\/sa\u00fade360foco.com\/index.php?rest_route=\/wp\/v2\/pages\/64","targetHints":{"allow":["GET"]}}],"collection":[{"href":"https:\/\/sa\u00fade360foco.com\/index.php?rest_route=\/wp\/v2\/pages"}],"about":[{"href":"https:\/\/sa\u00fade360foco.com\/index.php?rest_route=\/wp\/v2\/types\/page"}],"author":[{"embeddable":true,"href":"https:\/\/sa\u00fade360foco.com\/index.php?rest_route=\/wp\/v2\/users\/1"}],"replies":[{"embeddable":true,"href":"https:\/\/sa\u00fade360foco.com\/index.php?rest_route=%2Fwp%2Fv2%2Fcomments&post=64"}],"version-history":[{"count":31,"href":"https:\/\/sa\u00fade360foco.com\/index.php?rest_route=\/wp\/v2\/pages\/64\/revisions"}],"predecessor-version":[{"id":113,"href":"https:\/\/sa\u00fade360foco.com\/index.php?rest_route=\/wp\/v2\/pages\/64\/revisions\/113"}],"wp:attachment":[{"href":"https:\/\/sa\u00fade360foco.com\/index.php?rest_route=%2Fwp%2Fv2%2Fmedia&parent=64"}],"curies":[{"name":"wp","href":"https:\/\/api.w.org\/{rel}","templated":true}]}}